actors of 29501.
29501
What are the prime factors of 19699?
19699
List the prime factors of 8837.
8837
List the prime factors of 778.
2, 389
List the prime factors of 47094.
2, 3, 47, 167
List the prime factors of 18473.
7, 13, 29
List the prime factors of 39499.
39499
What are the prime factors of 2867?
47, 61
What are the prime factors of 7228?
2, 13, 139
What are the prime factors of 3071?
37, 83
What are the prime factors of 2726?
2, 29, 47
What are the prime factors of 467?
467
List the prime factors of 38861.
38861
List the prime factors of 65536.
2
What are the prime factors of 20379?
3, 6793
What are the prime factors of 9049?
9049
What are the prime factors of 51277?
47, 1091
What are the prime factors of 3641?
11, 331
What are the prime factors of 59413?
19, 53, 59
What are the prime factors of 1487?
1487
List the prime factors of 11303.
89, 127
List the prime factors of 110326.
2, 55163
List the prime factors of 1953.
3, 7, 31
What are the prime factors of 2506?
2, 7, 179
List the prime factors of 3910.
2, 5, 17, 23
What are the prime factors of 952?
2, 7, 17
List the prime factors of 2235.
3, 5, 149
What are the prime factors of 143893?
37, 3889
List the prime factors of 33821.
31, 1091
What are the prime factors of 50883?
3, 7, 2423
List the prime factors of 16819.
11, 139
What are the prime factors of 1082?
2, 541
List the prime factors of 119701.
119701
List the prime factors of 63797.
131, 487
List the prime factors of 3916.
2, 11, 89
What are the prime factors of 3872?
2, 11
List the prime factors of 1051.
1051
What are the prime factors of 41997?
3, 13999
What are the prime factors of 2015?
5, 13, 31
What are the prime factors of 10564?
2, 19, 139
What are the prime factors of 51166?
2, 25583
List the prime factors of 8521.
8521
List the prime factors of 14611.
19, 769
List the prime factors of 9992.
2, 1249
List the prime factors of 1657.
1657
List the prime factors of 19959.
3, 6653
List the prime factors of 8225.
5, 7, 47
List the prime factors of 31525.
5, 13, 97
What are the prime factors of 1118?
2, 13, 43
What are the prime factors of 1860?
2, 3, 5, 31
What are the prime factors of 30688?
2, 7, 137
List the prime factors of 67363.
31, 41, 53
List the prime factors of 95792.
2, 5987
List the prime factors of 17286.
2, 3, 43, 67
What are the prime factors of 79200?
2, 3, 5, 11
What are the prime factors of 4521?
3, 11, 137
List the prime factors of 5403.
3, 1801
List the prime factors of 9914.
2, 4957
What are the prime factors of 12809?
12809
List the prime factors of 4566.
2, 3, 761
List the prime factors of 80908.
2, 113, 179
What are the prime factors of 1459?
1459
What are the prime factors of 344?
2, 43
List the prime factors of 105006.
2, 3, 11, 37, 43
List the prime factors of 10360.
2, 5, 7, 37
List the prime factors of 15179.
43, 353
What are the prime factors of 1403?
23, 61
What are the prime factors of 3371?
3371
List the prime factors of 11370.
2, 3, 5, 379
List the prime factors of 4388.
2, 1097
What are the prime factors of 5780?
2, 5, 17
List the prime factors of 5979.
3, 1993
What are the prime factors of 4741?
11, 431
What are the prime factors of 407?
11, 37
List the prime factors of 1779.
3, 593
List the prime factors of 6210.
2, 3, 5, 23
What are the prime factors of 13124?
2, 17, 193
List the prime factors of 19171.
19, 1009
List the prime factors of 851.
23, 37
What are the prime factors of 3151?
23, 137
What are the prime factors of 39528?
2, 3, 61
List the prime factors of 500.
2, 5
List the prime factors of 780.
2, 3, 5, 13
List the prime factors of 49.
7
List the prime factors of 735.
3, 5, 7
List the prime factors of 16134.
2, 3, 2689
List the prime factors of 13764.
2, 3, 31, 37
List the prime factors of 3281.
17, 193
What are the prime factors of 35421?
3, 11807
What are the prime factors of 27329?
27329
List the prime factors of 3697.
3697
List the prime factors of 229.
229
List the prime factors of 51697.
17, 3041
What are the prime factors of 7307?
7307
What are the prime factors of 5962?
2, 11, 271
List the prime factors of 24253.
79, 307
What are the prime factors of 6868?
2, 17, 101
What are the prime factors of 16523?
13, 31, 41
List the prime factors of 920.
2, 5, 23
What are the prime factors of 27163?
23, 1181
List the prime factors of 26078.
2, 13, 17, 59
List the prime factors of 51277.
47, 1091
What are the prime factors of 1741?
1741
What are the prime factors of 132634?
2, 17, 47, 83
What are the prime factors of 2072?
2, 7, 37
List the prime factors of 31123.
31123
List the prime factors of 56875.
5, 7, 13
What are the prime factors of 10375?
5, 83
List the prime factors of 64668.
2, 3, 17, 317
List the prime factors of 143218.
2, 101, 709
What are the prime factors of 128550?
2, 3, 5, 857
List the prime factors of 92.
2, 23
What are the prime factors of 5798?
2, 13, 223
List the prime factors of 1721.
1721
List the prime factors of 2698.
2, 19, 71
What are the prime factors of 2266?
2, 11, 103
What are the prime factors of 33952?
2, 1061
What are the prime factors of 33101?
79, 419
List the prime factors of 127837.
127837
What are the prime factors of 14943?
3, 17, 293
What are the prime factors of 58451?
58451
List the prime factors of 91.
7, 13
List the prime factors of 31713.
3, 11, 31
What are the prime factors of 24571?
24571
List the prime factors of 797.
797
List the prime factors of 1619.
1619
What are the prime factors of 4477?
11, 37
What are the prime factors of 840?
2, 3, 5, 7
List the prime factors of 2632.
2, 7, 47
List the prime factors of 1297.
1297
List the prime factors of 4020.
2, 3, 5, 67
List the prime factors of 86725.
5, 3469
List the prime factors of 1299.
3, 433
List the prime factors of 12333.
3, 4111
What are the prime factors of 39230?
2, 5, 3923
List the prime factors of 179.
179
List the prime factors of 6065.
5, 1213
List the prime factors of 9736.
2, 1217
What are the prime factors of 87811?
87811
What are the prime factors of 24067?
41, 587
What are the prime factors of 84892?
2, 19, 1117
List the prime factors of 827.
827
List the prime factors of 2565.
3, 5, 19
List the prime factors of 618.
2, 3, 103
List the prime factors of 200.
2, 5
What are the prime factors of 25258?
2, 73, 173
List the prime factors of 646.
2, 17, 19
What are the prime factors of 946?
2, 11, 43
List the prime factors of 44787.
3, 14929
List the prime factors of 343.
7
What are the prime factors of 4685?
5, 937
List the prime factors of 95.
5, 19
List the prime factors of 108.
2, 3
What are the prime factors of 8854?
2, 19, 233
What are the prime factors of 118?
2, 59
List the prime factors of 3486.
2, 3, 7, 83
What are the prime factors of 17620?
2, 5, 881
List the prime factors of 1293.
3, 431
What are the prime factors of 8327?
11, 757
List the prime factors of 4167.
3, 463
List the prime factors of 8538.
2, 3, 1423
List the prime factors of 2308.
2, 577
What are the prime factors of 35724?
2, 3, 13, 229
What are the prime factors of 2438?
2, 23, 53
List the prime factors of 88950.
2, 3, 5, 593
List the prime factors of 62205.
3, 5, 11, 13, 29
List the prime factors of 12246.
2, 3, 13, 157
List the prime factors of 29643.
3, 41, 241
What are the prime factors of 1706?
2, 853
List the prime factors of 1603.
7, 229
List the prime factors of 11469.
3, 3823
List the prime factors of 74341.
17, 4373
List the prime factors of 2037.
3, 7, 97
What are the prime factors of 9664?
2, 151
What are the prime factors of 3224?
2, 13, 31
What are the prime factors of 500?
2, 5
What are the prime factors of 913?
11, 83
List the prime factors of 45446.
2, 31, 733
What are the prime factors of 295?
5, 59
What are the prime factors of 23697?
3, 2633
List the prime factors of 6219.
3, 691
What are the prime factors of 1990?
2, 5, 199
List the prime factors of 9540.
2, 3, 5, 53
List the prime factors of 4210.
2, 5, 421
List the prime factors of 7959.
3, 7, 379
What are the prime factors of 1922?
2, 31
What are the prime factors of 40042?
2, 20021
List the prime factors of 24560.
2, 5, 307
What are the prime factors of 14?
2, 7
List the prime factors of 4036.
2, 1009
What are the prime factors of 1207?
17, 71
List the prime factors of 76433.
7, 61, 179
What are the prime factors of